ate the greatest common divisor of 3672 and 1971.
27
Calculate the highest common divisor of 31725 and 188.
47
What is the highest common divisor of 42 and 261387?
21
Calculate the greatest common factor of 90258 and 84.
42
Calculate the highest common divisor of 247 and 6080.
19
What is the greatest common factor of 70808 and 22712?
1336
Calculate the greatest common divisor of 10593 and 13761.
99
What is the greatest common divisor of 32 and 92312?
8
What is the highest common factor of 762 and 1590?
6
What is the highest common divisor of 12233 and 169?
13
Calculate the highest common divisor of 595 and 12699.
17
What is the highest common factor of 47 and 39356?
1
Calculate the greatest common divisor of 653635 and 620.
155
What is the highest common factor of 240 and 14064?
48
What is the greatest common factor of 134366 and 4?
2
Calculate the greatest common divisor of 70174 and 78.
26
Calculate the greatest common factor of 1062 and 14514.
354
Calculate the greatest common factor of 3384 and 24064.
376
Calculate the greatest common factor of 1222384 and 3952.
304
Calculate the highest common factor of 19 and 27569.
19
What is the highest common divisor of 5236 and 4004?
308
What is the highest common divisor of 2 and 5481?
1
What is the greatest common divisor of 19 and 271225?
19
Calculate the greatest common factor of 2035766 and 2694.
898
What is the highest common factor of 159 and 14416?
53
Calculate the greatest common factor of 315 and 162785.
35
What is the highest common divisor of 442 and 95251?
221
What is the highest common factor of 9040 and 349170?
1130
Calculate the greatest common divisor of 1400 and 128.
8
Calculate the greatest common divisor of 25143 and 87.
87
Calculate the highest common factor of 156609 and 171.
9
What is the highest common factor of 32 and 380712?
8
Calculate the greatest common divisor of 39760 and 658.
14
What is the greatest common factor of 1625 and 1341275?
325
Calculate the greatest common divisor of 6076 and 28616.
196
What is the highest common divisor of 8428 and 8036?
196
What is the greatest common factor of 19680 and 180?
60
Calculate the greatest common factor of 232 and 1096.
8
Calculate the greatest common factor of 656622 and 18.
18
Calculate the highest common divisor of 262292 and 46.
46
Calculate the greatest common factor of 266 and 3154.
38
Calculate the highest common factor of 26 and 623350.
26
What is the greatest common divisor of 7021 and 511294?
413
What is the greatest common factor of 21 and 2099958?
21
What is the highest common divisor of 672877 and 17?
17
What is the highest common divisor of 20 and 20620?
20
What is the greatest common divisor of 259521 and 3306?
1653
Calculate the highest common factor of 4858 and 1736.
14
What is the greatest common divisor of 1400322 and 6?
6
Calculate the highest common factor of 4080 and 5304.
408
Calculate the highest common divisor of 46 and 78890.
46
Calculate the highest common factor of 123716 and 9456.
788
What is the greatest common factor of 19 and 125761?
19
What is the highest common divisor of 10249 and 2216?
277
Calculate the highest common divisor of 345772 and 3710.
742
What is the highest common divisor of 215 and 42011?
43
What is the greatest common divisor of 76 and 21299?
19
Calculate the highest common divisor of 52 and 573872.
52
Calculate the highest common factor of 51875 and 50.
25
Calculate the greatest common factor of 14276 and 1328.
332
Calculate the highest common factor of 22248 and 6120.
72
Calculate the greatest common factor of 16 and 496.
16
Calculate the highest common factor of 28 and 119350.
14
What is the greatest common divisor of 34956 and 144?
36
What is the greatest common divisor of 72 and 20004?
12
What is the highest common factor of 4076 and 404543?
1019
What is the highest common divisor of 482040 and 1872?
936
Calculate the greatest common divisor of 31269 and 84.
21
Calculate the highest common factor of 40421 and 9711.
83
Calculate the greatest common divisor of 642 and 41370.
6
Calculate the greatest common divisor of 85 and 89170.
5
What is the highest common divisor of 168 and 292008?
24
What is the highest common divisor of 1136485 and 3325?
665
Calculate the highest common divisor of 7035 and 3045.
105
What is the greatest common factor of 30 and 2263395?
15
What is the highest common divisor of 391 and 5589?
23
What is the greatest common factor of 41184 and 3872?
352
Calculate the highest common divisor of 7472523 and 159.
159
Calculate the greatest common factor of 6666 and 858.
66
What is the highest common factor of 118 and 64?
2
What is the greatest common factor of 31836 and 20538?
42
What is the greatest common divisor of 693358 and 92?
46
Calculate the greatest common factor of 18368 and 2583.
287
Calculate the highest common factor of 3 and 737727.
3
Calculate the highest common factor of 5929 and 2904.
121
What is the highest common factor of 4914 and 123669?
819
What is the highest common factor of 500 and 136?
4
Calculate the highest common divisor of 3553 and 196042.
209
Calculate the highest common factor of 37060 and 160.
20
What is the greatest common divisor of 7548 and 2294?
74
Calculate the greatest common divisor of 13097760 and 40.
40
What is the highest common factor of 342 and 228627?
171
What is the greatest common factor of 67938 and 670?
134
What is the highest common divisor of 13 and 1888757?
13
Calculate the highest common divisor of 6970568 and 38.
38
Calculate the greatest common divisor of 1 and 44887.
1
Calculate the greatest common factor of 176 and 36674.
22
Calculate the highest common divisor of 190 and 2127715.
95
What is the greatest common factor of 3565 and 68448?
713
Calculate the highest common divisor of 31697 and 2175.
29
What is the greatest common divisor of 91 and 117?
13
What is the greatest common factor of 200 and 5872?
8
Calculate the highest common divisor of 96 and 273168.
48
Calculate the greatest common divisor of 54127 and 66581.
479
Calculate the greatest common factor of 42 and 264831.
21
What is the highest common divisor of 89271 and 14742?
819
What is the greatest common factor of 384 and 119424?
384
What is the highest common factor of 319000 and 261?
29
What is the highest common divisor of 172 and 25370?
86
Calculate the greatest common factor of 3249 and 57627.
171
What is the greatest common divisor of 2242728 and 1296?
648
Calculate the greatest common divisor of 744810 and 7015.
305
What is the greatest common factor of 9743162 and 209?
209
Calculate the highest common divisor of 22474 and 236638.
1322
What is the greatest common factor of 45 and 1040620?
5
What is the greatest common factor of 1638 and 188706?
42
What is the highest common factor of 55 and 710435?
55
What is the greatest common divisor of 11248 and 2257?
37
What is the highest common divisor of 8799 and 133?
7
Calculate the greatest common factor of 238 and 19012.
14
Calculate the highest common factor of 4199 and 34086.
247
What is the greatest common divisor of 2882 and 572?
22
What is the greatest common factor of 186825 and 5875?
1175
Calculate the greatest common factor of 23088 and 19388.
148
What is the greatest common factor of 304 and 125824?
16
What is the greatest common factor of 203370 and 45?
15
What is the highest common factor of 89820 and 20?
20
Calculate the highest common factor of 676090 and 485.
485
What is the highest common factor of 1245 and 2656?
83
Calculate the highest common factor of 3108 and 1617.
21
Calculate the highest common factor of 196170 and 13.
13
Calculate the highest common divisor of 400 and 1700.
100
What is the highest common factor of 16 and 7778?
2
What is the greatest common factor of 180 and 929550?
30
What is the greatest common divisor of 167193 and 18?
9
Calculate the greatest common divisor of 2384 and 3152.
16
Calculate the highest common divisor of 609600 and 4572.
1524
What is the highest common divisor of 166221 and 253?
253
What is the highest common divisor of 503472 and 714?
102
Calculate the greatest common divisor of 10931 and 1666.
17
What is the greatest common factor of 51308 and 9144?
508
What is the greatest common divisor of 252 and 382608?
36
What is the highest co